24 - t**3 - 95*t**2/2 + 2*t - 7. Let l(n) be the first derivative of j(n). Determine l(0).
-6
Let t(o) = 2*o**2 - 31*o - 18. Let a = -6734 - -6751. Calculate t(a).
33
Let i(l) = -l**3 + 9*l**2 + 9*l + 9. Let c be 53/(-3)*6*4/4. Let u = 116 + c. What is i(u)?
-1
Let f = 880 + -883. Let x(p) be the third derivative of -p**5/60 + p**4/12 + 3*p**3/2 - 12*p**2. Let w(q) be the first derivative of x(q). Give w(f).
8
Let n(h) = 98*h - 3900. Let v be n(40). Let u(g) = 6*g - 112. Give u(v).
8
Suppose -118*x = -61*x - 88 - 254. Let a(s) = s**2 - 9*s + 20. What is a(x)?
2
Let z(q) = q**3 + q**2 + 25. Let x = -58 - -69. Suppose -f = 3*d - x, 5*f = 4*d + d - 45. Suppose -2*v = d*v - 4*v. Give z(v).
25
Let f(q) = -2*q**2 - 5*q - 4. Let s be (4 - (-1 + 3))*1 - -8. Suppose 9*z = 8 + s. Let c be -1*(z - 0 - -1). What is f(c)?
-7
Let u(j) be the first derivative of 2*j**3/3 - j**2/2 - 5*j - 505. Calculate u(-2).
5
Let z(o) be the first derivative of -o**4/4 + 2*o**3 - 33*o**2/2 + 108*o - 7330. Calculate z(4).
8
Let l(v) = 25*v**3 + 6*v**2 - 11*v + 21. Let m be l(6). Let i(y) = m + 3*y - 5572 + 4*y. Calculate i(-1).
-8
Let d = 2 + 1. Let c(p) = 6*p - 66725*p**3 + 2 - 3 + 66724*p**3 + p**2 + 4*p**2 - 10*p. What is c(d)?
5
Let f(m) = -m**3 + 7*m**2 + m + 2. Suppose -1649 = -275*q + 276. Determine f(q).
9
Let q(d) = -2*d**2 + 6*d - 9. Let v(w) be the third derivative of w**5/60 - w**4/12 + w**3/2 - 3*w**2. Let l(u) = 2*q(u) + 7*v(u). Determine l(2).
11
Let t(i) = i**2 - 5*i + 2. Let c be (-5 - -4)*(-1 - 2). Determine t(c).
-4
Let x(m) = -m**3 - m - 1. Let l(h) = 5*h**3 + 2*h**2 - h + 6. Suppose -4 - 13 = 2*k - 3*j, -4*j = 2*k - 4. Let f(s) = k*x(s) - l(s). Calculate f(-4).
10
Let u = -6 - 0. Let x(z) be the second derivative of 0 - 13*z - z**3 - 1/12*z**4 - 1/2*z**2. Calculate x(u).
-1
Let n be (-6)/21 - (-939)/(-21). Let l = 53 + n. Suppose -m - 3*h + 4 = 0, -m + 0*m = -3*h + l. Let i(a) = 2*a**3 + 3*a**2 + 3*a + 1. Determine i(m).
-9
Let v(d) = 4*d**3 - d**2 - d. Let h(x) = 15*x**3 - 15*x**2 - 14*x - 3. Let g(r) = h(r) - 4*v(r). Suppose -o - 12 = 2*n, -5*o - n - 5 - 46 = 0. Calculate g(o).
-3
Let y(k) = k**3 - 5*k**2 + k + 2. Suppose 5*r + 19 - 34 = 0. Suppose 0 = -r*z - 15, 0 = -3*x + 3*z + 2*z - 38. Let v = 26 + x. Give y(v).
7
Let g(f) = -f**3 - 2*f**2 - 4*f. Let s be g(3). Let u = s + 60. Let t(i) = i**u + 7*i + 0 - 2*i**3 - 1 - 4 + 3*i**2. Give t(4).
7
Let a(r) = -3*r**3 + 23*r**2 - 13*r + 5. Let q = -229 + 218. Let d(t) = -t**3 + 8*t**2 - 5*t + 2. Let v(s) = q*d(s) + 4*a(s). Give v(4).
10
Let n(f) = -86*f - 2. Let c(w) = -1560*w + 141. Let m(y) = -c(y) + 18*n(y). Determine m(14).
-9
Let v(a) = a**3 + a**2 + a - 1. Let h(u) = 10*u + 10*u**2 + 4693 - 4691 - u**2 + 3*u**3. Let k(f) = h(f) - 2*v(f). Calculate k(-6).
-8
Let g(x) = -2*x**3 - 2*x**2 + 7*x + 11. Let p(b) = 5*b + 19 - 2 - 3*b**2 + 6*b + 8*b**2 - 8*b**2 - 3*b**3. Let v(c) = -8*g(c) + 5*p(c). Calculate v(-3).
-18
Let r be (-1 + -2)*4/6. Let u = r + -1. Let x(q) be the first derivative of q**4/2 + 4*q**3/3 + q**2 + 3*q + 4717. What is x(u)?
-21
Let p(o) = 4*o - 3. Let x(g) be the second derivative of -g**3/3 - 8*g**2 + 32*g + 2. Let d be x(-9). Determine p(d).
5
Let s(p) = 11*p**2 - 2 - 12*p**2 - 5*p - 7 + 11. Suppose -2*c = 3*t - 1, 2 = 3*t - 2*c - 3. Suppose 13 = -2*n + t. Determine s(n).
-4
Let q(m) be the second derivative of -m**4/12 + m**3/6 + m**2/2 - 81*m. Suppose n + 213 = -2*n. Let a = n + 69. Calculate q(a).
-5
Let v(u) = -6*u**2 + 0*u**2 + 31 + 5*u**2. Let d(n) = -n**3 + 70*n**2 - 696*n - 6. Let p be d(58). Determine v(p).
-5
Let d(f) = f**3 - 3*f**2 + 2*f + 5. Let z = -1346 - -1348. Determine d(z).
5
Let w(b) = 628*b + 1251. Let n be w(-2). Let y(k) = -34*k - 20. Determine y(n).
150
Let p(s) be the third derivative of -s**5/20 - s**4/4 - 5*s**3/6 - 1364*s**2. Calculate p(-5).
-50
Let x(d) = 0*d - 2*d + 3*d**2 - 5*d**2 - 3. Suppose -1291 = 1234*h + 1177. What is x(h)?
-7
Suppose -2*o + 360 = -15*o - 59*o. Let q(p) = 55*p + 268. Give q(o).
-7
Let s(d) = 2*d**2 - 8*d + 2. Let w = 28612 + -28608. What is s(w)?
2
Let h be (-1)/((4/(-12))/1). Let t(a) = 7*a**3 - a**2 + 7*a - 1. Let u(s) = 2*s**3 + s**2 + 2*s. Let x(d) = -t(d) + 3*u(d). What is x(h)?
7
Let a(q) = q - 1 + 0*q - 5*q. Suppose 0 = -4*b + u + 172, 5*b - 10*u + 6*u - 226 = 0. Let y = b - 43. What is a(y)?
3
Let v = -11669 + 11673. Let c(d) = -d**2 - 2*d + 30. What is c(v)?
6
Suppose -l + 8 = -a, -3*l + 3*a + 28 = l. Suppose 5*w - 2 = 3*x - l*x, 4*x - 8 = -w. Let h(v) = 0*v + 2*v - 3*v. Calculate h(x).
-2
Let k(c) be the second derivative of -c**4/4 + 9*c**3/2 + 16*c**2 - 358*c. Let a be k(10). Let u(y) = 15*y - 4. Calculate u(a).
26
Let j(c) = -139*c - 35. Let d(w) = -26*w + 1. Let y(f) = 5*d(f) - j(f). What is y(-4)?
4
Let m(l) = -863 - 2*l + l + 867. Suppose 40*d + 18 = 42*d - w, 3*d = 2*w + 28. Calculate m(d).
-4
Let p = 24 + -12. Let t = p + -10. Let k(r) = 4*r + t*r**2 - r**3 - 7 + 2*r**2 + 0*r**2. What is k(5)?
-12
Let c be (-6)/21 + (-1000)/28. Let o be c/(-14) - 40/70. Let p be (o - 7)/(1/(-1)). Let j(q) = q + 2. Give j(p).
7
Let j(q) = 7*q - 33. Let c(l) = l - 5. Let n be -2 + (-1)/5 + (-47)/(-235). Let d(k) = n*j(k) + 13*c(k). What is d(0)?
1
Suppose -17 + 21 = -j. Let i(r) be the first derivative of r**4/4 + 2*r**3/3 - 5*r**2/2 - 6*r - 1338. What is i(j)?
-18
Let n(r) = r**2 - r + 3. Let m(o) = 32*o + 8. Let i(b) = -m(b) + 5*n(b). Give i(6).
-35
Let s = -146952 - -146962. Let c(q) be the second derivative of 7*q**3/6 - 11*q**2/2 - q. Let w(a) = a. Let b(g) = c(g) - 6*w(g). What is b(s)?
-1
Let t(x) = 4*x. Let j(p) = 17*p + 1. Let o(i) = -2*j(i) + 9*t(i). Suppose 0 = -6*b - 61 + 91. What is o(b)?
8
Let g(o) = 1. Let x(i) = 3*i + 2. Let l(h) = -6*g(h) + x(h). Let k = -14 + 19. Suppose 34*a - 33*a = k. Give l(a).
11
Let r(w) be the third derivative of -8*w**2 + 7*w - 5/12*w**4 - 1/2*w**3 + 0 + 1/60*w**5. Calculate r(8).
-19
Let x(g) = 31*g + 11. Let h(y) = 70*y + 25. Let n(q) = 4*h(q) - 9*x(q). Suppose -4*t - 10 = i + 10, -8 = 2*t. Determine n(i).
-3
Let b = -14 - -18. Suppose -3*y = -0*p - 5*p - 12, -5*p - 11 = -b*y. Let m be -3 + y/1 + -2. Let u(g) = g**2 + 6*g - 4. Give u(m).
-4
Let r(u) = 2*u**3 + 26*u**2 - 2*u - 11. Let s(l) = 3*l**3 + 39*l**2 - 3*l - 16. Let d(f) = -8*r(f) + 5*s(f). Suppose 3*y - 637 = 52*y. Calculate d(y).
-5
Let m be 270/45 - ((-2)/3)/(8/204). Let w(r) be the second derivative of -m*r + 1/2*r**2 - 1/6*r**3 + 0. Calculate w(-4).
5
Let s(r) be the third derivative of 0*r + 7/6*r**3 + 0*r**4 + 5*r**2 - 11/60*r**5 - 22 - 1/120*r**6. Calculate s(-11).
7
Suppose s - 5*m = 25, -s - 2*s + 11 = m. Let p(w) be the second derivative of w**4/12 - 4*w**3/3 + 2*w**2 + 4305*w - 2. Give p(s).
-11
Let y(z) be the second derivative of z**7/2520 - z**6/144 + z**5/30 - 55*z**4/12 - z - 23. Let p(k) be the third derivative of y(k). What is p(4)?
0
Let o = -79 + 201. Let i(u) = u + o - 49 - 62 - 3*u. Give i(8).
-5
Suppose 0 = -3*c - 2*j + 73, 32*c - 28*c + 5*j = 109. Let g(i) = 20*i + 1 + c*i + 17*i - 58*i + 2*i**2. Calculate g(1).
3
Let o(k) be the first derivative of -k**4/4 + 28*k**3/3 - 25*k**2/2 - 36*k + 2753. Calculate o(27).
18
Let m(n) = -n**2 - 6*n + 6. Suppose 5*p = -0*p - 20, -3*d - 185 = -4*p. Let f = 204 + -263. Let a = d - f. What is m(a)?
-10
Let j(o) be the first derivative of 11/2*o**2 + 1/3*o**3 - 52 + 8*o. Calculate j(-9).
-10
Suppose -547*t - 43 = -590*t. Let c(k) = 5 - k + 0*k + 7*k**2 - 4. What is c(t)?
7
Let t be 2*(-49)/(-14) - (3 + 5). Let m(y) = y**2 + 2*y - 2*y - 4*y**2 + 1. Determine m(t).
-2
Let n(z) = 2*z + 4. Let y(o) = -2*o**3 - 12*o**2 + 13*o - 14. Let s be y(-7). Let x(l) = 22*l + 153. Let b be x(s). Determine n(b).
2
Let t(b) = 39 + 2*b + 9*b - 2*b + b - 16*b. Determine t(4).
15
Let z be (0/(-25))/(-4 + 2). Let m(a) be the second derivative of -16*a + 1/12*a**4 + z + 0*a**2 - 3/2*a**3. Calculate m(7).
-14
Suppose -874 = -17*l - 670. Let v(m) = 4*m - 2. Calculate v(l).
46
Let d(k) be the second derivative of -k**4/12 + 2*k**3 + 87*k**2/2 - 3*k - 1621. Determine d(17).
2
Let i(a) = 16*a - 25*a - 3 + 14*a + 3 + 1. Give i(5).
26
Let y(i) = 7*i - 48. Let h = 4249 + -4244. Determine y(h).
-13
Let i = 4 - -2. Let p(q) = 2 + 2 + q - 9*q**3 + 320*q**2 + 10*q**3 - 1 - 326*q**2. Determine p(i).
9